er?
True
Is 171093337 a composite number?
True
Is 4424805833 a prime number?
False
Is 5386868471 composite?
True
Is 1625778101 prime?
True
Is 321371439 prime?
False
Is 19515491321 composite?
False
Is 5305529911 prime?
False
Is 97725471011 composite?
True
Is 1418532923 a prime number?
True
Is 6593454397 a prime number?
True
Is 14967762839 prime?
True
Is 264250757 composite?
False
Is 2001773479 composite?
False
Is 50289338153 composite?
True
Is 14237197829 prime?
False
Is 4241493853 a prime number?
False
Is 2256675911 a composite number?
True
Is 309091021 a prime number?
True
Is 23565478481 composite?
False
Is 9152838746 composite?
True
Is 56580179 prime?
True
Is 23856199555 a prime number?
False
Is 11586355699 prime?
True
Is 14397326051 a composite number?
True
Is 6785192567 a composite number?
False
Is 87711410467 composite?
True
Is 10715701 prime?
True
Is 55654127 prime?
True
Is 44551559399 a prime number?
True
Is 467748283 a prime number?
False
Is 1100963353 a composite number?
True
Is 14619989 a composite number?
False
Is 561442961 a composite number?
False
Is 961032187 a prime number?
True
Is 1094800813 a composite number?
False
Is 2283148087 prime?
False
Is 18902667877 composite?
False
Is 131932309 a prime number?
False
Is 131393386897 a composite number?
True
Is 43438936531 prime?
True
Is 11136996149 prime?
False
Is 1021786847 a composite number?
True
Is 848608511 composite?
True
Is 414038033 prime?
True
Is 5315152354 a composite number?
True
Is 22415550011 prime?
False
Is 310390537 a composite number?
False
Is 6308491141 composite?
True
Is 1296014639 a prime number?
True
Is 2388709949 a prime number?
True
Is 1188290471 composite?
True
Is 304492381 a composite number?
False
Is 1329007931 composite?
False
Is 3261523997 prime?
True
Is 26005577291 a composite number?
False
Is 492166582 composite?
True
Is 21512263 a composite number?
False
Is 43805186735 a prime number?
False
Is 5329742365 composite?
True
Is 11456348351 a composite number?
True
Is 1303341139 composite?
True
Is 685878113 prime?
True
Is 4009218293 prime?
False
Is 24434177563 prime?
False
Is 70899860027 composite?
False
Is 1425668973 a prime number?
False
Is 90742343 a prime number?
False
Is 11269249067 prime?
False
Is 1032783079 composite?
True
Is 30008893409 prime?
False
Is 10649793097 prime?
True
Is 199026931 a prime number?
False
Is 18560284397 composite?
False
Is 164686286 prime?
False
Is 4590931547 a composite number?
True
Is 99767261311 a prime number?
False
Is 884744689 a prime number?
True
Is 29638138901 a prime number?
False
Is 1134708121 a prime number?
True
Is 410747573 composite?
False
Is 1222509467 composite?
True
Is 777474563 a composite number?
False
Is 439235237 composite?
True
Is 5756899895 prime?
False
Is 10607728151 composite?
True
Is 6709030703 a prime number?
True
Is 182145629 composite?
True
Is 3784588937 a composite number?
False
Is 32707845017 prime?
True
Is 1032901027 a prime number?
False
Is 916893433 composite?
False
Is 4511942965 composite?
True
Is 152249914 a composite number?
True
Is 17009916323 a prime number?
False
Is 682877071 prime?
True
Is 136269820381 a composite number?
False
Is 13967234713 a prime number?
True
Is 25898947229 a prime number?
True
Is 40199779 a composite number?
True
Is 1193248871 prime?
False
Is 89113495189 prime?
False
Is 15728175503 prime?
False
Is 35556067 composite?
False
Is 93377314 prime?
False
Is 37477675181 prime?
False
Is 1946805251 prime?
True
Is 1115996801 a prime number?
False
Is 28214829569 composite?
True
Is 200445082 a prime number?
False
Is 3667842121 composite?
True
Is 687114234317 composite?
True
Is 50036277433 a prime number?
False
Is 7005606401 a prime number?
True
Is 18793958587 prime?
True
Is 9116784511 prime?
False
Is 20084244095 a composite number?
True
Is 3172814659 a prime number?
False
Is 115417897027 composite?
False
Is 199050083 a composite number?
False
Is 54739914445 prime?
False
Is 4210515811 composite?
True
Is 2713441343 composite?
True
Is 168985063421 composite?
False
Is 36799043227 composite?
True
Is 22754167483 composite?
False
Is 39943189061 prime?
True
Is 109456871 composite?
False
Is 165804119291 prime?
False
Is 21967709623 prime?
True
Is 1268988559 prime?
False
Is 3042109621 composite?
True
Is 1955603173 a prime number?
False
Is 27236057729 prime?
False
Is 3029892739 a composite number?
False
Is 48543142961 prime?
True
Is 6871447083 prime?
False
Is 2100596087 a prime number?
True
Is 1647169549 composite?
False
Is 2330967763 prime?
True
Is 3000758149 a prime number?
True
Is 782810939 a prime number?
False
Is 3723447323 prime?
True
Is 231202067 a composite number?
False
Is 519300667 a prime number?
False
Is 573767711 a composite number?
True
Is 778838523 a composite number?
True
Is 298666583 a prime number?
False
Is 342952009 a composite number?
True
Is 1129737179 a prime number?
True
Is 288891991 prime?
True
Is 1237770683 prime?
True
Is 52473907 a prime number?
False
Is 970393889 prime?
False
Is 19028433341 prime?
True
Is 7205444303 composite?
False
Is 23627680645 a prime number?
False
Is 91621019177 composite?
True
Is 752610809 a composite number?
False
Is 623009539 a prime number?
False
Is 317861867 prime?
True
Is 12202405531 a prime number?
False
Is 107980399 composite?
False
Is 84646833655 a prime number?
False
Is 1584105961 composite?
True
Is 30547614287 a composite number?
True
Is 14902306987 composite?
False
Is 2771187763 a composite number?
True
Is 786359401279 composite?
False
Is 14220212687 prime?
False
Is 6687017059 a composite number?
True
Is 606691847 composite?
False
Is 4931617807 composite?
False
Is 1382842151 prime?
False
Is 16116856619 composite?
True
Is 1259367899 a composite number?
True
Is 7438062953 prime?
True
Is 9211581941 composite?
False
Is 15141029809 composite?
True
Is 36039431107 a prime number?
True
Is 155524855 prime?
False
Is 130338781 composite?
True
Is 1325372221 a prime number?
True
Is 493265117 prime?
False
Is 13125251 a prime number?
True
Is 135062219 a prime number?
True
Is 214479723409 prime?
False
Is 24698946761 a prime number?
True
Is 892680707 prime?
False
Is 60515691459 a composite number?
True
Is 3960045043 prime?
False
Is 24919563703 a prime number?
False
Is 322627931 composite?
False
Is 3108540299 a prime number?
True
Is 7707411271 a composite number?
True
Is 449031263 a composite number?
True
Is 971880829 composite?
True
Is 247008677 a composite number?
False
Is 95691239933 composite?
False
Is 16172445103 composite?
True
Is 17530322219 prime?
False
Is 21291154055 prime?
False
Is 369811159 composite?
False
Is 1230888283 prime?
True
Is 1551881257 a prime number?
True
Is 80615439991 a composite number?
True
Is 5996896291 composite?
False
Is 2510335937 a composite number?
True
Is 1466905033 a composite number?
True
Is 350007551 a composite number?
False
Is 101772149159 a composite number?
True
Is 37411709105 a prime number?
False
Is 534016771 a prime number?
False
Is 3393769693 composite?
True
Is 39951976627 prime?
True
Is 2346323543 composite?
False
Is 5115067 a prime number?
True
Is 3804642521 a composite number?
False
Is 91018643 prime?
False
Is 1894188407 a prime number?
False
Is 1094443657 composite?
True
Is 154983099377 a prime number?
True
Is 557484809845 a composite number?
True
Is 1423255987 prime?
True
Is 97853467 a composite number?
False
Is 596209769 composite?
False
Is 122054813599 prime?
True
Is 2344765847 a prime number?
True
Is 624781451 a composite number?
True
Is 292974973 composite?
False
Is 23856378653 a composite number?
True
Is 5023258483 a composite number?
False
Is 1547351609 a prime number?
False
Is 94530119143 a prime number?
True
Is 1371875801 composite?
False
Is 10986189713 a prime number?
False
Is 1884109 composite?
False
Is 546946121 a composite number?
False
Is 219626093 a prime number?
True
Is 43640673269 a composite number?
False
Is 3942736667 a composite number?
False
Is 3782188159 composite?
False
Is 197099159 a composite number?
False
Is 63397733 composite?
True
Is 10493554513 prime?
False
Is 8799661257 a composite number?
True
Is 36259208351 a prime number?
False
Is 7972120477 a prime number?
False
Is 120360650329 a prime number?
True
Is 4103252983 prime?
True
Is 18365057 composite?
False
Is 17007454339